{"id":1741,"date":"2025-03-28T22:43:06","date_gmt":"2025-03-29T03:43:06","guid":{"rendered":"https:\/\/enchapesrisaralda.com\/web\/?post_type=product&#038;p=1741"},"modified":"2025-03-28T22:43:07","modified_gmt":"2025-03-29T03:43:07","slug":"juegos-de-accesorios-de-bano-6-pz-cromo","status":"publish","type":"product","link":"https:\/\/enchapesrisaralda.com\/web\/producto\/juegos-de-accesorios-de-bano-6-pz-cromo\/","title":{"rendered":"JUEGOS DE ACCESORIOS DE BA\u00d1O 6 PZ CROMO"},"content":{"rendered":"<p>LE DARAN UN ESTILO ELEGANTE A TU BA\u00d1O YA QUE CUENTAN CON UN DISE\u00d1O GLAMUROSO.<br \/>\nESTA COMPUESTO POR:<br \/>\nPORTAPAPEL, PERCHA SENCILLA, TOALLERO BARRA 45CMS, TOALLERO ARO, PORTA JABON Y PORTAVASO<br \/>\nGARANTIA: 6 MESES<\/p>\n","protected":false},"excerpt":{"rendered":"<p>LE DARAN UN ESTILO ELEGANTE A TU BA\u00d1O YA QUE CUENTAN CON UN DISE\u00d1O GLAMUROSO.<br \/>\nESTA COMPUESTO POR:<br \/>\nPORTAPAPEL, PERCHA SENCILLA, TOALLERO BARRA 45CMS, TOALLERO ARO, PORTA JABON Y PORTAVASO<br \/>\nGARANTIA: 6 MESES<\/p>\n","protected":false},"featured_media":1742,"comment_status":"open","ping_status":"closed","template":"","meta":{"_uag_custom_page_level_css":"","site-sidebar-layout":"default","site-content-layout":"","ast-site-content-layout":"default","site-content-style":"default","site-sidebar-style":"default","ast-global-header-display":"","ast-banner-title-visibility":"","ast-main-header-display":"","ast-hfb-above-header-display":"","ast-hfb-below-header-display":"","ast-hfb-mobile-header-display":"","site-post-title":"","ast-breadcrumbs-content":"","ast-featured-img":"","footer-sml-layout":"","theme-transparent-header-meta":"default","adv-header-id-meta":"","stick-header-meta":"default","header-above-stick-meta":"","header-main-stick-meta":"","header-below-stick-meta":"","astra-migrate-meta-layouts":"set","ast-page-background-enabled":"default","ast-page-background-meta":{"desktop":{"background-color":"","background-image":"","background-repeat":"repeat","background-position":"center center","background-size":"auto","background-attachment":"scroll","background-type":"","background-media":"","overlay-type":"","overlay-color":"","overlay-opacity":"","overlay-gradient":""},"tablet":{"background-color":"","background-image":"","background-repeat":"repeat","background-position":"center center","background-size":"auto","background-attachment":"scroll","background-type":"","background-media":"","overlay-type":"","overlay-color":"","overlay-opacity":"","overlay-gradient":""},"mobile":{"background-color":"","background-image":"","background-repeat":"repeat","background-position":"center center","background-size":"auto","background-attachment":"scroll","background-type":"","background-media":"","overlay-type":"","overlay-color":"","overlay-opacity":"","overlay-gradient":""}},"ast-content-background-meta":{"desktop":{"background-color":"var(--ast-global-color-5)","background-image":"","background-repeat":"repeat","background-position":"center center","background-size":"auto","background-attachment":"scroll","background-type":"","background-media":"","overlay-type":"","overlay-color":"","overlay-opacity":"","overlay-gradient":""},"tablet":{"background-color":"var(--ast-global-color-5)","background-image":"","background-repeat":"repeat","background-position":"center center","background-size":"auto","background-attachment":"scroll","background-type":"","background-media":"","overlay-type":"","overlay-color":"","overlay-opacity":"","overlay-gradient":""},"mobile":{"background-color":"var(--ast-global-color-5)","background-image":"","background-repeat":"repeat","background-position":"center center","background-size":"auto","background-attachment":"scroll","background-type":"","background-media":"","overlay-type":"","overlay-color":"","overlay-opacity":"","overlay-gradient":""}}},"product_brand":[],"product_cat":[63,67],"product_tag":[66,68],"class_list":{"0":"post-1741","1":"product","2":"type-product","3":"status-publish","4":"has-post-thumbnail","6":"product_cat-banos","7":"product_cat-griferia","8":"product_tag-bano","9":"product_tag-griferia","10":"desktop-align-left","11":"tablet-align-left","12":"mobile-align-left","13":"ast-product-gallery-layout-horizontal-slider","14":"ast-product-gallery-with-no-image","16":"first","17":"instock","18":"taxable","19":"shipping-taxable","20":"product-type-simple"},"spectra_custom_meta":{"_edit_last":["1"],"_edit_lock":["1743219652:1"],"_thumbnail_id":["1742"],"_sku":["GRF001"],"total_sales":["0"],"_tax_status":["taxable"],"_tax_class":[""],"_manage_stock":["no"],"_backorders":["no"],"_sold_individually":["no"],"_upsell_ids":["a:2:{i:0;i:1739;i:1;i:1729;}"],"_crosssell_ids":["a:1:{i:0;i:1739;}"],"_virtual":["no"],"_downloadable":["no"],"_download_limit":["-1"],"_download_expiry":["-1"],"_stock":[null],"_stock_status":["instock"],"_wc_average_rating":["0"],"_wc_review_count":["0"],"_product_version":["9.7.1"],"site-sidebar-layout":["default"],"ast-site-content-layout":["default"],"site-content-style":["default"],"site-sidebar-style":["default"],"theme-transparent-header-meta":["default"],"astra-migrate-meta-layouts":["set"],"stick-header-meta":["default"],"_uag_page_assets":["a:9:{s:3:\"css\";s:263:\".uag-blocks-common-selector{z-index:var(--z-index-desktop) !important}@media (max-width: 976px){.uag-blocks-common-selector{z-index:var(--z-index-tablet) !important}}@media (max-width: 767px){.uag-blocks-common-selector{z-index:var(--z-index-mobile) !important}}\n\";s:2:\"js\";s:0:\"\";s:18:\"current_block_list\";a:11:{i:0;s:11:\"core\/search\";i:1;s:10:\"core\/group\";i:2;s:12:\"core\/heading\";i:3;s:17:\"core\/latest-posts\";i:4;s:20:\"core\/latest-comments\";i:5;s:13:\"core\/archives\";i:6;s:15:\"core\/categories\";i:7;s:24:\"woocommerce\/price-filter\";i:8;s:17:\"core\/widget-group\";i:9;s:27:\"woocommerce\/product-on-sale\";i:10;s:26:\"woocommerce\/filter-wrapper\";}s:8:\"uag_flag\";b:0;s:11:\"uag_version\";s:10:\"1775815284\";s:6:\"gfonts\";a:0:{}s:10:\"gfonts_url\";s:0:\"\";s:12:\"gfonts_files\";a:0:{}s:14:\"uag_faq_layout\";b:0;}"],"_uag_css_file_name":["uag-css-1741.css"]},"uagb_featured_image_src":{"full":["https:\/\/enchapesrisaralda.com\/web\/wp-content\/uploads\/2025\/03\/JUEGOS-DE-ACCESORIOS-DE-BANO-6-PZ-CROMO.jpg",490,461,false],"thumbnail":["https:\/\/enchapesrisaralda.com\/web\/wp-content\/uploads\/2025\/03\/JUEGOS-DE-ACCESORIOS-DE-BANO-6-PZ-CROMO-150x150.jpg",150,150,true],"medium":["https:\/\/enchapesrisaralda.com\/web\/wp-content\/uploads\/2025\/03\/JUEGOS-DE-ACCESORIOS-DE-BANO-6-PZ-CROMO-300x282.jpg",300,282,true],"medium_large":["https:\/\/enchapesrisaralda.com\/web\/wp-content\/uploads\/2025\/03\/JUEGOS-DE-ACCESORIOS-DE-BANO-6-PZ-CROMO.jpg",490,461,false],"large":["https:\/\/enchapesrisaralda.com\/web\/wp-content\/uploads\/2025\/03\/JUEGOS-DE-ACCESORIOS-DE-BANO-6-PZ-CROMO.jpg",490,461,false],"1536x1536":["https:\/\/enchapesrisaralda.com\/web\/wp-content\/uploads\/2025\/03\/JUEGOS-DE-ACCESORIOS-DE-BANO-6-PZ-CROMO.jpg",490,461,false],"2048x2048":["https:\/\/enchapesrisaralda.com\/web\/wp-content\/uploads\/2025\/03\/JUEGOS-DE-ACCESORIOS-DE-BANO-6-PZ-CROMO.jpg",490,461,false],"mailpoet_newsletter_max":["https:\/\/enchapesrisaralda.com\/web\/wp-content\/uploads\/2025\/03\/JUEGOS-DE-ACCESORIOS-DE-BANO-6-PZ-CROMO.jpg",490,461,false],"woocommerce_thumbnail":["https:\/\/enchapesrisaralda.com\/web\/wp-content\/uploads\/2025\/03\/JUEGOS-DE-ACCESORIOS-DE-BANO-6-PZ-CROMO-300x300.jpg",300,300,true],"woocommerce_single":["https:\/\/enchapesrisaralda.com\/web\/wp-content\/uploads\/2025\/03\/JUEGOS-DE-ACCESORIOS-DE-BANO-6-PZ-CROMO.jpg",490,461,false],"woocommerce_gallery_thumbnail":["https:\/\/enchapesrisaralda.com\/web\/wp-content\/uploads\/2025\/03\/JUEGOS-DE-ACCESORIOS-DE-BANO-6-PZ-CROMO-100x100.jpg",100,100,true]},"uagb_author_info":{"display_name":"Adm1n_Enchap3sR","author_link":"https:\/\/enchapesrisaralda.com\/web\/author\/"},"uagb_comment_info":0,"uagb_excerpt":"LE DARAN UN ESTILO ELEGANTE A TU BA\u00d1O YA QUE CUENTAN CON UN DISE\u00d1O GLAMUROSO. ESTA COMPUESTO POR: PORTAPAPEL, PERCHA SENCILLA, TOALLERO BARRA 45CMS, TOALLERO ARO, PORTA JABON Y PORTAVASO GARANTIA: 6 MESES","_links":{"self":[{"href":"https:\/\/enchapesrisaralda.com\/web\/wp-json\/wp\/v2\/product\/1741","targetHints":{"allow":["GET"]}}],"collection":[{"href":"https:\/\/enchapesrisaralda.com\/web\/wp-json\/wp\/v2\/product"}],"about":[{"href":"https:\/\/enchapesrisaralda.com\/web\/wp-json\/wp\/v2\/types\/product"}],"replies":[{"embeddable":true,"href":"https:\/\/enchapesrisaralda.com\/web\/wp-json\/wp\/v2\/comments?post=1741"}],"wp:featuredmedia":[{"embeddable":true,"href":"https:\/\/enchapesrisaralda.com\/web\/wp-json\/wp\/v2\/media\/1742"}],"wp:attachment":[{"href":"https:\/\/enchapesrisaralda.com\/web\/wp-json\/wp\/v2\/media?parent=1741"}],"wp:term":[{"taxonomy":"product_brand","embeddable":true,"href":"https:\/\/enchapesrisaralda.com\/web\/wp-json\/wp\/v2\/product_brand?post=1741"},{"taxonomy":"product_cat","embeddable":true,"href":"https:\/\/enchapesrisaralda.com\/web\/wp-json\/wp\/v2\/product_cat?post=1741"},{"taxonomy":"product_tag","embeddable":true,"href":"https:\/\/enchapesrisaralda.com\/web\/wp-json\/wp\/v2\/product_tag?post=1741"}],"curies":[{"name":"wp","href":"https:\/\/api.w.org\/{rel}","templated":true}]}}